ulate the greatest common divisor of n and 6.
6
Let w(u) = u**3 + 2*u**2 - 7*u - 5. Let z be w(-4). Let a = z + 11. Let h be (a/(-3))/(16/(-408)). Calculate the greatest common divisor of h and 17.
17
Suppose -3*u - 5 = -8*u. Suppose 3*p = -l + 5, 65 = 5*l - 5*p - 0*p. What is the highest common divisor of l and u?
1
Let l(p) = p**3 - 7*p**2 + 7*p + 7. Suppose 0 = n - 4*u + 2, n - 12 = -5*u + 4. Let w be l(n). What is the greatest common factor of 117 and w?
13
Suppose x - 4*c = 67, -4*x - c = 2*c - 211. What is the greatest common divisor of 11 and x?
11
Let c = -7 + 36. Let n = 92 - c. What is the greatest common factor of n and 7?
7
Suppose -2*x + g + 35 = 0, 3*x - g = 21 + 32. Let z be 12/x + 142/3. Calculate the greatest common factor of 12 and z.
12
Let r = 316 + -196. Suppose -4*f + 3*f = -8. Let p = f - -7. Calculate the greatest common divisor of p and r.
15
Let j(b) = b**2 - 8*b + 8. Let v be j(7). Let h be (10/(-6))/(v/(-3)). Let p = 13 - h. What is the greatest common divisor of 40 and p?
8
Suppose -n + 1 = 0, -3*s + s = -2*n - 48. Let j be (s/(-20))/(1/(-32)). Let c be (-6)/(2 + (-22)/8). What is the highest common divisor of j and c?
8
Suppose -4*g = 3 - 35. Suppose r + 12 = 2*r. What is the highest common divisor of r and g?
4
Let u be ((-18)/4)/((-69)/184). Calculate the highest common factor of 84 and u.
12
Let q = -6 - -26. What is the greatest common factor of 50 and q?
10
Suppose 4*q - 75 = -q. Let d(h) = -2*h + 25. Let l be d(11). Calculate the highest common divisor of q and l.
3
Let c(i) = -2*i**3 - 4*i**2 + i + 3. Let h be c(-3). What is the greatest common factor of 9 and h?
9
Let b = -44 - -130. Let w = b - -40. Let v(d) = -13*d**3 + 2*d**2 - 1. Let l be v(-1). What is the greatest common factor of w and l?
14
Suppose -5*j = -3*a - 65, 0 = -2*j - 2*j + a + 52. What is the highest common divisor of j and 117?
13
Let j(v) = -11*v + 12. Let i be j(11). Let m = -73 - i. What is the greatest common factor of 18 and m?
18
Let y(m) = 30*m. Suppose 7*z - 4 = 3*z. Let f be y(z). Calculate the highest common divisor of 5 and f.
5
Suppose 2*p = -0*p. Suppose -3*s + s = p. Suppose s = 4*k + 67 - 179. Calculate the highest common divisor of k and 4.
4
Let y be (-3)/(2/(0 + -16)). Let s(v) = 6*v**2 - 2*v. Let i be s(-1). What is the highest common divisor of i and y?
8
Let p = -518 - -976. Suppose -5*w + 257 + p = 0. What is the highest common divisor of 13 and w?
13
Suppose 4 = -m, -m = 2*q - 3*m - 80. What is the greatest common divisor of 48 and q?
12
Let o = 11 - 5. Suppose 48 = -4*a + 4*g, -5*a - 5*g = 26 - 6. Let h be ((-6)/a)/(1/64). Calculate the greatest common divisor of h and o.
6
Let v be 176/28 - 2/7. Let h = 8 - v. Suppose -2*l = 3*s - 10, 2*l - 20 = -h*l - s. What is the greatest common factor of l and 5?
5
Let k = 598 + -364. What is the highest common divisor of 26 and k?
26
Let c = -7 + 12. Suppose 0 = 2*t - 5*b - 8, -5*t + 3*b + 49 = c*b. Calculate the greatest common factor of 63 and t.
9
Let z be (-126)/(-15) + 2/(-5). Suppose -z = -5*x - 0*o - o, 4*o = 5*x - 18. Suppose -4 = -x*n + 8. What is the highest common factor of n and 3?
3
Suppose 18 = -u - 5*r, 4*r + 1 - 4 = 5*u. Let b be 6*-3*u/18. Suppose -3*w = -2*f - f - 30, -b*f + 24 = 3*w. What is the highest common divisor of 45 and w?
9
Let z(d) = 10*d**3 + d**2 + 2*d - 2. Let t be z(1). Calculate the greatest common factor of t and 99.
11
Let o be (10/(-3))/((-12)/252). What is the highest common divisor of o and 28?
14
Let b = 16 + -15. What is the greatest common divisor of 16 and b?
1
Let f(k) = 14*k - 1. Let y be f(4). Calculate the greatest common divisor of y and 11.
11
Suppose -88 = 49*o - 53*o. Suppose 0*z + 528 = 3*z. What is the highest common divisor of o and z?
22
Let r be 3/(-6) + (-5)/(-2). Suppose -5 + 49 = r*y. Let h = -16 + y. Calculate the highest common factor of h and 6.
6
Let b be 50/8 - 9/(-12). Let p = 2 - 2. Let x = 14 + p. What is the highest common factor of b and x?
7
Let i(o) = 14*o**3 - 2*o**2 - o + 2. Let l be i(2). Suppose -4*g = 2*v - 14, -5*g - 20 = -5. Calculate the highest common factor of l and v.
13
Suppose 205 = -2*t - 5*h, -3*t - 160 = -t - 4*h. Let n be ((-162)/t)/(3/10). What is the highest common factor of n and 6?
6
Let s = 17 + 17. Calculate the highest common factor of 170 and s.
34
Let h be ((-6)/(-4))/((-3)/(-10)). Suppose 0 = h*g - 252 - 573. Calculate the highest common factor of g and 15.
15
Let b be 1*(-2 + (0 - -24)). Let d = -12 + b. Calculate the highest common divisor of 90 and d.
10
Suppose 9*t = 7*t + 30. Calculate the greatest common factor of t and 30.
15
Let k be -4 - (-3)/6*14. What is the greatest common factor of 6 and k?
3
Let c(z) = -2*z**3 + z**2 + z + 18. Let l be c(0). Let s be (-1 + 1/(-4))*4. Let u = s + l. Calculate the greatest common divisor of u and 13.
13
Let v be (14 - 1)*1 + -8 + 11. Calculate the highest common divisor of v and 144.
16
Let r be (-60)/8*(-7)/6*8. Suppose 2*p - p = 10. What is the highest common divisor of p and r?
10
Let k be (56/(-24))/((-2)/6). What is the greatest common divisor of 3 and k?
1
Let f = 11 - 7. Suppose f*n + n = 70. What is the greatest common factor of n and 7?
7
Let h be (-1386)/(-88) + 1/4. Calculate the greatest common divisor of h and 176.
16
Suppose -16*r - 3 + 35 = 0. What is the highest common factor of r and 32?
2
Let y = 235 + -115. Calculate the greatest common factor of y and 15.
15
Suppose -5*c - 5*q - 126 + 311 = 0, -5*q + 151 = 4*c. Suppose -6*u + c = -4*u. What is the greatest common factor of u and 34?
17
Let z(h) = -h**2 - 11*h + 13. Let l be z(-11). What is the greatest common factor of l and 13?
13
Suppose 4*y + 5*k - 27 = 0, -12 = y - 2*y - 3*k. Suppose 192 = -y*z + 6*z. What is the highest common factor of 8 and z?
8
Let h(c) = -c**3 - 6*c**2 - 12*c - 2. Let q be h(-5). What is the highest common factor of q and 66?
33
Let b(u) = 6*u**2 + u + 3. Let a be b(3). Suppose -3*q + 4*s = 36, -s - 10 = 2*q + s. Let n be 3/(1 + 7/q). Calculate the greatest common divisor of n and a.
12
Let r(b) = 7*b + 3. Let k be r(3). Suppose -k + 99 = 5*x. Calculate the greatest common divisor of 15 and x.
15
Let p(d) = -d**3 - 3*d**2 + 2. Let g be p(-2). Let h be (-5 - -2) + (-358)/g. Calculate the highest common divisor of h and 16.
16
Suppose y = -2*y + 45. Suppose 57 = 3*j + y. Calculate the highest common divisor of j and 42.
14
Let u(g) = 2*g - 2. Let a be u(2). Let l = 6 + a. Calculate the greatest common factor of 8 and l.
8
Let z be 2 + -2 + 2 + 16. Let j = -8 + z. What is the highest common factor of 2 and j?
2
Suppose 0 = -5*p + 4*p + 253. Suppose 4*y = p - 29. Calculate the greatest common divisor of 8 and y.
8
Let a = 349 - 1175. Let s be a/(-35) + (-6)/10. Calculate the greatest common divisor of s and 253.
23
Let l be (-4)/((-24)/15)*10. Let y = l - -10. Let j = y + -24. Calculate the greatest common divisor of j and 1.
1
Suppose -4*m - 2*q + 62 = 0, 2*q - q = 5*m - 60. Let o = 7 + m. Let c be (-4)/6 - o/(-3). What is the greatest common factor of c and 18?
6
Suppose 4 = 4*t, r + 5*t - 185 = -0*r. What is the greatest common divisor of r and 30?
30
Let h be 43 - (-4 - -19)/5. Calculate the greatest common divisor of h and 5.
5
Suppose 5*o - 8 = o. Let h(b) = 2*b - 2. Let a be h(o). Suppose 0 = -k - k - 3*n + 6, -3*n - 30 = -a*k. Calculate the greatest common factor of k and 18.
9
Let p be 1 + (72*2)/(-3). Let c = p - -72. What is the greatest common factor of c and 5?
5
Let c = -197 + 222. Let u = 312 - 37. What is the highest common factor of u and c?
25
Let w be ((-4)/(-6))/((-2)/(-12)). Suppose -9 - 39 = -w*k. What is the greatest common factor of 36 and k?
12
Let z = 4 + -19. Let b = 25 + z. What is the highest common divisor of b and 110?
10
Let l(o) = -23*o + 1. Let j be l(-1). Let c = 8 - 4. Suppose 7*b = c*b + 108. Calculate the highest common factor of j and b.
12
Suppose y + 504 = 3*y. What is the highest common divisor of y and 36?
36
Suppose 4*j + 190 = 658. What is the greatest common divisor of j and 13?
13
Let l = -25 - -65. Let g be 101 - 5/(8 - 3). What is the highest common factor of g and l?
20
Suppose -32 = -4*d + 4*s, -5*s - 6 = -1. Let o = -237 + 272. What is the highest common factor of o and d?
7
Let o be (